{"id":145,"date":"2015-09-28T16:00:31","date_gmt":"2015-09-28T16:00:31","guid":{"rendered":"http:\/\/plethorathemes.com\/healthx\/?page_id=145"},"modified":"2020-01-20T15:59:59","modified_gmt":"2020-01-20T15:59:59","slug":"home","status":"publish","type":"page","link":"https:\/\/stomatologijanovakovic.com\/","title":{"rendered":"Home"},"content":{"rendered":"<p>[vc_row full_width=&#8221;0&#8243; full_height=&#8221;0&#8243; row_padding=&#8221;no_padding&#8221; cols_padding=&#8221;no_cols_padding&#8221; elevate=&#8221;elevate&#8221; background=&#8221;transparent&#8221; el_class=&#8221;folded_section&#8221;][vc_column width=&#8221;1\/4&#8243; color_set=&#8221;skincolored_section&#8221; background=&#8221;transparent&#8221; offset=&#8221;vc_col-xs-6&#8243; css=&#8221;.vc_custom_1576275847592{background-color: #800080 !important;}&#8221;]<!-- ========================== TEASER BOX ==========================-->\n<div class=\"teaser_box wpb_content_element text-center  transparent boxed same_height_col    \">\n\n  <div class=\"figure transparent\">\n\n\n\n        \n        \n        \n         <img decoding=\"async\" src=\"https:\/\/stomatologijanovakovic.com\/wp-content\/uploads\/2019\/12\/TeaserIcon-Preventative.png\" alt=\"Preventiva u stomatologiji\">   \n\n        \n\n\n  <\/div>\n\n\n\n  <div class=\"content text-center  \">\n    \n    <div class=\"hgroup\">\n       <h4 class=\"neutralize_links\">\n       Preventiva u stomatologiji\n       <\/h4>\n       <p>Sprije\u010davanje nastanka oboljelih zuba i mekih tkiva<\/p> \n    <\/div>\n\n    \n\n\n  <\/div>\n\n<\/div>\n\n<!-- END======================= TEASER BOX ==========================-->[\/vc_column][vc_column width=&#8221;1\/4&#8243; color_set=&#8221;skincolored_section&#8221; background=&#8221;transparent&#8221; offset=&#8221;vc_col-xs-6&#8243; css=&#8221;.vc_custom_1576275884176{background-color: #660066 !important;}&#8221;]<!-- ========================== TEASER BOX ==========================-->\n<div class=\"teaser_box wpb_content_element text-center  transparent boxed same_height_col    \">\n\n  <div class=\"figure transparent\">\n\n\n\n        \n        \n        \n         <img decoding=\"async\" src=\"https:\/\/stomatologijanovakovic.com\/wp-content\/uploads\/2019\/12\/TeaserIcon-Restorative.png\" alt=\"ORALNA HIRURGIJA I IMPLANTOLOGIJA\">   \n\n        \n\n\n  <\/div>\n\n\n\n  <div class=\"content text-center  \">\n    \n    <div class=\"hgroup\">\n       <h4 class=\"neutralize_links\">\n       ORALNA HIRURGIJA I IMPLANTOLOGIJA\n       <\/h4>\n       <p>Najbolje rje\u0161enje u slu\u010daju nedostatka jednog ili vi\u0161e zuba, kao i nedostatak svih zuba u vilici<\/p> \n    <\/div>\n\n    \n\n\n  <\/div>\n\n<\/div>\n\n<!-- END======================= TEASER BOX ==========================-->[\/vc_column][vc_column width=&#8221;1\/4&#8243; color_set=&#8221;skincolored_section&#8221; offset=&#8221;vc_col-xs-6&#8243; css=&#8221;.vc_custom_1576275866552{background-color: #800080 !important;}&#8221;]<!-- ========================== TEASER BOX ==========================-->\n<div class=\"teaser_box wpb_content_element text-center  transparent boxed same_height_col    \">\n\n  <div class=\"figure transparent\">\n\n\n\n        \n        \n        \n         <img decoding=\"async\" src=\"https:\/\/stomatologijanovakovic.com\/wp-content\/uploads\/2019\/12\/TeaserIcon-Periontodology.png\" alt=\"PARADONTOLOGIJA\">   \n\n        \n\n\n  <\/div>\n\n\n\n  <div class=\"content text-center  \">\n    \n    <div class=\"hgroup\">\n       <h4 class=\"neutralize_links\">\n       PARADONTOLOGIJA\n       <\/h4>\n       <p>Napredne metode lije\u010denja paradontologije.<\/p> \n    <\/div>\n\n    \n\n\n  <\/div>\n\n<\/div>\n\n<!-- END======================= TEASER BOX ==========================-->[\/vc_column][vc_column width=&#8221;1\/4&#8243; color_set=&#8221;skincolored_section&#8221; background=&#8221;transparent&#8221; offset=&#8221;vc_col-xs-6&#8243; css=&#8221;.vc_custom_1576275903432{background-color: #660066 !important;}&#8221;]<!-- ========================== TEASER BOX ==========================-->\n<div class=\"teaser_box wpb_content_element text-center  transparent boxed same_height_col  with_button    \">\n\n  <div class=\"figure transparent\">\n\n\n\n        \n        \n        \n         <img decoding=\"async\" src=\"https:\/\/stomatologijanovakovic.com\/wp-content\/uploads\/2019\/12\/TeaserIcon-Othrodontic.png\" alt=\"ESTETSKA STOMATOLOGIJA I ENDODONCIJA\">   \n\n        \n\n\n  <\/div>\n\n\n\n  <div class=\"content text-center   with_button \">\n    \n    <div class=\"hgroup\">\n       <h4 class=\"neutralize_links\">\n       ESTETSKA STOMATOLOGIJA I ENDODONCIJA\n       <\/h4>\n       <p>Dovedite svoje zube do savr\u0161enstva, te u \u0161irokom izboru ponude odlu\u010dite \u0161ta je najbolje za Vas<\/p> \n    <\/div>\n\n    \n\n    <div class=\"link centered\">\n        <a href=\"\"  target=\"\" class=\"btn btn-xs btn-secondary\"><strong>More<\/strong><\/a>\n    <\/div>\n\n  <\/div>\n\n<\/div>\n\n<!-- END======================= TEASER BOX ==========================-->[\/vc_column][\/vc_row][vc_row full_width=&#8221;0&#8243; full_height=&#8221;0&#8243; row_padding=&#8221;no_top_padding&#8221; sep_bottom=&#8221;separator_bottom sep_angled_positive_bottom&#8221; particles=&#8221;0&#8243;][vc_column]<div class=\"section_header subtitle_bottom   fancy text-left\">\n\n    <h2>Dobrodo\u0161li u stomatolo\u0161ku ambulantu Novakovi\u0107<\/h2>\n\n\n        <p ><\/p>\n<\/div>[\/vc_column][vc_column width=&#8221;2\/3&#8243; heading_align=&#8221;text-center&#8221; align=&#8221;text-left&#8221; margin=&#8221;margin_bottom_grid&#8221;][vc_column_text]Na\u0161 tim zna kako da na najbolji, najbr\u017ei i najbezbolniji na\u010din u\u010dini da va\u0161 osmijeh blista.<\/p>\n<p>Najbolje ogledalo na\u0161eg rada su ljudi koji se u va\u0161em dru\u0161tvu osje\u0107aju prijatno, a vi nadmo\u0107no zbog besprekornog osmijeha. Vi\u0161e stotina na\u0161ih zadovoljnih pacijenata iz cijele Evrope svjedo\u010de o tome.[\/vc_column_text][vc_text_separator title=&#8221;MI STVARAMO OSMIJEHE!&#8221; title_align=&#8221;separator_align_left&#8221; align=&#8221;align_right&#8221; color=&#8221;black&#8221;][vc_column_text]Sa na\u0161im pacijentima smo, prije svega, prijatelji, sa obostranim osje\u0107ajem povjerenja. Mo\u017eete nam se obratiti u svako doba dana, posebno u slu\u010daju hitnosti, kako bismo vam pomogli u najkra\u0107em mogu\u0107em roku. Diskrecija i privatnost su zagarantovani za sve na\u0161e pacijente koji to \u017eele, a svi podaci koje od vas dobijemo prilikom evidencije su strogo \u010duvana poslovna tajna.[\/vc_column_text]<div class=\"plethora_button wpb_content_element   text-left \">\n    <a href=\"http:\/\/stomatologijanovakovic.com\/index.php\/about-us\/\" debug class=\" btn btn-primary with-icon icon-left\" title=\"\"  target=\"_self\">\n\n         <i class=\"fa fa-hospital-o\"><\/i> \n        Pogledajte na\u0161u zdravstvenu ustanovu\n        \n\n    <\/a>\n<\/div>[\/vc_column][vc_column width=&#8221;1\/3&#8243; align=&#8221;text-left&#8221;]<!-- ========================== TEASER BOX ==========================-->\n<div class=\"teaser_box wpb_content_element text-center image_hover skincolored_section    with_button    \">\n\n  <div class=\"figure \">\n\n\n      <a href=\"http:\/\/stomatologijanovakovic.com\/index.php\/about-us\/\" debug title=\"VI\u0160E\" target=\"\"> \n\n        \n         <div class=\"figure  stretchy_wrapper ratio_16-9\" style=\"background-image:url('https:\/\/stomatologijanovakovic.com\/wp-content\/uploads\/2019\/12\/MVI_8137.MP4.00_00_08_18.Still001.jpg')\"><\/div> \n        \n          \n\n        \n\n    <\/a>\n\n  <\/div>\n\n\n\n  <div class=\"content text-center boxed  with_button \">\n    \n    <div class=\"hgroup\">\n       <h4 class=\"neutralize_links\">\n       Na\u0161a ambulanta\n       <\/h4>\n       <p>Pogledajte na\u0161u zdravstvenu ustanovu<\/p> \n    <\/div>\n\n    \n\n    <div class=\"link centered\">\n        <a href=\"http:\/\/stomatologijanovakovic.com\/index.php\/about-us\/\" VI\u0160E target=\"\" class=\"btn btn-xs btn-secondary\"><strong>More<\/strong><\/a>\n    <\/div>\n\n  <\/div>\n\n<\/div>\n\n<!-- END======================= TEASER BOX ==========================-->[\/vc_column][\/vc_row][vc_row color_set=&#8221;secondary_section&#8221; full_width=&#8221;0&#8243; full_height=&#8221;0&#8243; background=&#8221;video&#8221; video_bg_url=&#8221;https:\/\/youtu.be\/BiJwCVq5iiM&#8221;][vc_column]<div class=\"section_header subtitle_bottom   fancy text-left\">\n\n    <h2>Na\u0161 tim<\/h2>\n\n\n        <p >Neka Va\u0161 zdrav i estetski savr\u0161en osmijeh bude na\u0161 najve\u0107i uspjeh!<\/p>\n<\/div>[\/vc_column][vc_column heading_align=&#8221;text-center&#8221; align=&#8221;text-left&#8221; margin=&#8221;margin_bottom_grid&#8221; offset=&#8221;vc_col-md-8&#8243;][vc_row_inner][vc_column_inner width=&#8221;1\/3&#8243;]<!-- ========================== TEASER BOX ==========================-->\n<div class=\"teaser_box wpb_content_element text-center  light_section    with_button    \">\n\n  <div class=\"figure \">\n\n\n\n        \n         <div class=\"figure  stretchy_wrapper ratio_4-3\" style=\"background-image:url('https:\/\/stomatologijanovakovic.com\/wp-content\/uploads\/2020\/01\/zubar.jpg')\"><\/div> \n        \n          \n\n        \n\n\n  <\/div>\n\n\n\n  <div class=\"content text-center boxed_special  with_button \">\n    \n    <div class=\"hgroup\">\n       <h4 class=\"neutralize_links\">\n       Dr. Milan Novakovi\u0107\n       <\/h4>\n       <p>doktor stomatologije<\/p> \n    <\/div>\n\n    \n\n    <div class=\"link centered\">\n        <a href=\"\"  target=\"\" class=\"btn btn-xs btn-default\"><strong>More<\/strong><\/a>\n    <\/div>\n\n  <\/div>\n\n<\/div>\n\n<!-- END======================= TEASER BOX ==========================-->[\/vc_column_inner][vc_column_inner width=&#8221;1\/3&#8243;]<!-- ========================== TEASER BOX ==========================-->\n<div class=\"teaser_box wpb_content_element text-center  light_section    with_button    \">\n\n  <div class=\"figure transparent\">\n\n\n\n        \n         <div class=\"figure transparent stretchy_wrapper ratio_4-3\" style=\"background-image:url('https:\/\/stomatologijanovakovic.com\/wp-content\/uploads\/2020\/01\/IMG_20200104_121710-scaled.jpg')\"><\/div> \n        \n          \n\n        \n\n\n  <\/div>\n\n\n\n  <div class=\"content text-center boxed_special  with_button \">\n    \n    <div class=\"hgroup\">\n       <h4 class=\"neutralize_links\">\n       Dr. Bojan Novakovi\u0107\n       <\/h4>\n       <p>doktor stomatologije<\/p> \n    <\/div>\n\n    \n\n    <div class=\"link centered\">\n        <a href=\"\"  target=\"\" class=\"btn btn-xs btn-default\"><strong>More<\/strong><\/a>\n    <\/div>\n\n  <\/div>\n\n<\/div>\n\n<!-- END======================= TEASER BOX ==========================-->[\/vc_column_inner][vc_column_inner width=&#8221;1\/3&#8243;]<!-- ========================== TEASER BOX ==========================-->\n<div class=\"teaser_box wpb_content_element text-center  light_section    with_button    \">\n\n  <div class=\"figure transparent\">\n\n\n\n        \n         <div class=\"figure transparent stretchy_wrapper ratio_4-3\" style=\"background-image:url('https:\/\/stomatologijanovakovic.com\/wp-content\/uploads\/2020\/01\/IMG_20200104_121727-scaled.jpg')\"><\/div> \n        \n          \n\n        \n\n\n  <\/div>\n\n\n\n  <div class=\"content text-center boxed_special  with_button \">\n    \n    <div class=\"hgroup\">\n       <h4 class=\"neutralize_links\">\n       Bojana Milanovi\u0107\n       <\/h4>\n       <p>asistent<\/p> \n    <\/div>\n\n    \n\n    <div class=\"link centered\">\n        <a href=\"\"  target=\"\" class=\"btn btn-xs btn-default\"><strong>More<\/strong><\/a>\n    <\/div>\n\n  <\/div>\n\n<\/div>\n\n<!-- END======================= TEASER BOX ==========================-->[\/vc_column_inner][\/vc_row_inner][\/vc_column][vc_column align=&#8221;text-left&#8221; offset=&#8221;vc_col-md-4&#8243;][vc_text_separator title=&#8221;Vama na usluzi&#8221; title_align=&#8221;separator_align_left&#8221; align=&#8221;align_right&#8221; color=&#8221;black&#8221;][vc_column_text]Dozvolite da vam\u00a0<strong>na\u0161 tim doktora stomatologije<\/strong>\u00a0pru\u017ei najbolja stomatolo\u0161ka rije\u0161enja. Da svaki \u010dlan na\u0161eg tima postane va\u0161 omiljeni\u00a0<em>zubar<\/em>. Stalnim edukacijama osoblja pratimo svjetske trendove u stomatologiji. Uz vrhuske materijale u savremeno opremljenim ordinacijama, na\u0161i stomatolozi su u mogu\u0107nosti da obezbjede potpuni komfor kod intervencija koje su potpuno bezbolne. Svi radovi se izvode po najsavremenijim metodama I sa dugogodi\u0161njom garancijom uz na\u0161u redovnu podr\u0161ku I kontrole.[\/vc_column_text][\/vc_column][\/vc_row][vc_row color_set=&#8221;light_section&#8221; full_width=&#8221;0&#8243; full_height=&#8221;0&#8243; sep_top=&#8221;separator_top sep_angled_positive_top&#8221; sep_bottom=&#8221;separator_bottom sep_angled_positive_bottom&#8221; background=&#8221;video&#8221; video_bg_url=&#8221;https:\/\/youtu.be\/BiJwCVq5iiM&#8221;][vc_column]<div class=\"section_header subtitle_bottom   fancy text-left\">\n\n    <h2>Tajna je u detaljima<\/h2>\n\n\n        <p ><\/p>\n<\/div>[\/vc_column][vc_column heading_align=&#8221;text-center&#8221; align=&#8221;text-left&#8221; margin=&#8221;margin_bottom_grid&#8221; offset=&#8221;vc_col-md-8&#8243;][vc_row_inner][vc_column_inner width=&#8221;1\/3&#8243;]<!-- ========================== TEASER BOX ==========================-->\n<div class=\"teaser_box wpb_content_element text-center  transparent boxed_special same_height_col  with_button    \">\n\n  <div class=\"figure transparent\">\n\n\n\n        \n        \n        \n         <img decoding=\"async\" src=\"https:\/\/stomatologijanovakovic.com\/wp-content\/uploads\/2019\/12\/Icon-1-garancija.png\" alt=\"GARANCIJA\">   \n\n        \n\n\n  <\/div>\n\n\n\n  <div class=\"content text-center   with_button \">\n    \n    <div class=\"hgroup\">\n       <h4 class=\"neutralize_links\">\n       GARANCIJA\n       <\/h4>\n       <p>Garantujemo za na\u0161 rad uz obavezno periodi\u010dno odr\u017eavanje.<\/p> \n    <\/div>\n\n    \n\n    <div class=\"link centered\">\n        <a href=\"\"  target=\"\" class=\"btn btn-xs btn-default\"><strong>More<\/strong><\/a>\n    <\/div>\n\n  <\/div>\n\n<\/div>\n\n<!-- END======================= TEASER BOX ==========================-->[\/vc_column_inner][vc_column_inner width=&#8221;1\/3&#8243;]<!-- ========================== TEASER BOX ==========================-->\n<div class=\"teaser_box wpb_content_element text-center  transparent boxed_special same_height_col  with_button    \">\n\n  <div class=\"figure transparent\">\n\n\n\n        \n        \n        \n         <img decoding=\"async\" src=\"https:\/\/stomatologijanovakovic.com\/wp-content\/uploads\/2019\/12\/Icon-2-kvalitet.png\" alt=\"KVALITET\">   \n\n        \n\n\n  <\/div>\n\n\n\n  <div class=\"content text-center   with_button \">\n    \n    <div class=\"hgroup\">\n       <h4 class=\"neutralize_links\">\n       KVALITET\n       <\/h4>\n       <p>Vrhunska oprema i provJereni materijali dokazani su sertifikatima.<\/p> \n    <\/div>\n\n    \n\n    <div class=\"link centered\">\n        <a href=\"\"  target=\"\" class=\"btn btn-xs btn-default\"><strong>More<\/strong><\/a>\n    <\/div>\n\n  <\/div>\n\n<\/div>\n\n<!-- END======================= TEASER BOX ==========================-->[\/vc_column_inner][vc_column_inner width=&#8221;1\/3&#8243;]<!-- ========================== TEASER BOX ==========================-->\n<div class=\"teaser_box wpb_content_element text-center  transparent boxed_special same_height_col  with_button    \">\n\n  <div class=\"figure transparent\">\n\n\n\n        \n        \n        \n         <img decoding=\"async\" src=\"https:\/\/stomatologijanovakovic.com\/wp-content\/uploads\/2019\/12\/Icon-3-poverenje.png\" alt=\"POVJERENJE\">   \n\n        \n\n\n  <\/div>\n\n\n\n  <div class=\"content text-center   with_button \">\n    \n    <div class=\"hgroup\">\n       <h4 class=\"neutralize_links\">\n       POVJERENJE\n       <\/h4>\n       <p>Ni\u0161ta nije va\u017enije od povJerenja u svog stomatologa, a to je ono \u0161to mi garantujemo.<\/p> \n    <\/div>\n\n    \n\n    <div class=\"link centered\">\n        <a href=\"\"  target=\"\" class=\"btn btn-xs btn-default\"><strong>More<\/strong><\/a>\n    <\/div>\n\n  <\/div>\n\n<\/div>\n\n<!-- END======================= TEASER BOX ==========================-->[\/vc_column_inner][\/vc_row_inner][vc_empty_space height=&#8221;24px&#8221;][\/vc_column][vc_column align=&#8221;text-left&#8221; offset=&#8221;vc_col-md-4&#8243;][vc_text_separator title=&#8221;RADNO VRIJEME&#8221; title_align=&#8221;separator_align_left&#8221; align=&#8221;align_right&#8221; color=&#8221;black&#8221; el_class=&#8221;x_bold&#8221;][vc_raw_html]JTNDZGl2JTIwY2xhc3MlM0QlMjJ0aW1ldGFibGUlMjIlM0UlMEElMjAlMjAlM0N0YWJsZSUyMGNsYXNzJTNEJTIydGltZXRhYmxlX2hvdXJzJTIyJTNFJTBBJTIwJTIwJTIwJTIwJTNDdHIlM0UlMEElMjAlMjAlMjAlMjAlMjAlMjAlM0N0ZCUzRVBPTkVERUxKQUslM0MlMkZ0ZCUzRSUwQSUyMCUyMCUyMCUyMCUyMCUyMCUzQ3RkJTNFMDglM0EwMC0xMyUzQTAwJTJDJTIwMTYlM0EwMC0xOSUzQTAwJTNDJTJGdGQlM0UlMEElM0N0ZCUzRSUzQyUyRnRkJTNFJTBBJTIwJTIwJTIwJTIwJTNDJTJGdHIlM0UlMEElMjAlMjAlMjAlMjAlM0N0ciUzRSUwQSUyMCUyMCUyMCUyMCUyMCUyMCUzQ3RkJTNFVVRPUkFLJTNDJTJGdGQlM0UlMEElMjAlMjAlMjAlMjAlMjAlMjAlM0N0ZCUzRTA4JTNBMDAtMTMlM0EwMCUyQyUyMDE2JTNBMDAtMTklM0EwMCUzQyUyRnRkJTNFJTBBJTIwJTIwJTIwJTIwJTNDJTJGdHIlM0UlMEElMjAlMjAlMjAlMjAlM0N0ciUzRSUwQSUyMCUyMCUyMCUyMCUyMCUyMCUzQ3RkJTNFU1JJSkVEQSUzQyUyRnRkJTNFJTBBJTIwJTIwJTIwJTIwJTIwJTIwJTIwJTIwJTIwJTIwJTIwJTIwJTNDdGQlM0UwOCUzQTAwLTEzJTNBMDAlMkMlMjAxNiUzQTAwLTE5JTNBMDAlM0MlMkZ0ZCUzRSUwQSUyMCUyMCUyMCUyMCUzQyUyRnRyJTNFJTBBJTIwJTIwJTIwJTIwJTNDdHIlM0UlMEElMjAlMjAlMjAlMjAlMjAlMjAlM0N0ZCUzRSVDNCU4Q0VUVlJUQUslM0MlMkZ0ZCUzRSUwQSUyMCUyMCUyMCUyMCUyMCUyMCUzQ3RkJTNFMDglM0EwMC0xMyUzQTAwJTJDJTIwMTYlM0EwMC0xOSUzQTAwJTNDJTJGdGQlM0UlMEElMjAlMjAlMjAlMjAlM0N0ciUzRSUwQSUyMCUyMCUyMCUyMCUyMCUyMCUzQ3RkJTNFUEVUJTNDJTJGdGQlM0UlMEElMjAlMjAlMjAlMjAlMjAlMjAlM0N0ZCUzRTA4JTNBMDAtMTMlM0EwMCUyQyUyMDE2JTNBMDAtMTklM0EwMCUzQyUyRnRkJTNFJTBBJTIwJTIwJTIwJTIwJTNDdHIlM0UlMEElMjAlMjAlMjAlMjAlMjAlMjAlM0N0ZCUzRVNVQk9UQSUzQyUyRnRkJTNFJTBBJTIwJTIwJTIwJTIwJTIwJTIwJTNDdGQlM0VORSUyMFJBRElNTyUzQyUyRnRkJTNFJTBBJTIwJTIwJTIwJTIwJTNDJTJGdHIlM0UlMEElMjAlMjAlMjAlMjAlM0N0ciUzRSUwQSUyMCUyMCUyMCUyMCUyMCUyMCUzQ3RkJTNFTkVERUxKQSUzQyUyRnRkJTNFJTBBJTIwJTIwJTIwJTIwJTIwJTIwJTNDdGQlM0VORSUyMFJBRElNTyUzQyUyRnRkJTNFJTBBJTIwJTIwJTIwJTIwJTNDJTJGdHIlM0UlMEElMjAlMjAlM0MlMkZ0YWJsZSUzRSUwQSUzQyUyRmRpdiUzRQ==[\/vc_raw_html][\/vc_column][\/vc_row][vc_row color_set=&#8221;secondary_section&#8221; align=&#8221;text-center&#8221; full_width=&#8221;0&#8243; full_height=&#8221;0&#8243; cols_valign=&#8221;vcenter&#8221; transparent_overlay=&#8221;transparent_film&#8221; background=&#8221;bgimage&#8221; bgimage=&#8221;2149&#8243; parallax=&#8221;0&#8243;][vc_column align=&#8221;text-center&#8221; background=&#8221;transparent&#8221;]<div class=\"section_header subtitle_bottom   fancy text-center\">\n\n    <h2>Potreban Vam je pregled?<\/h2>\n\n\n        <p >Posjetite nas, naru\u010dite se online ili pozovite 065 801 030 i 099 669 17 43<\/p>\n<\/div><div class=\"plethora_button wpb_content_element   text-center \">\n    <a href=\"http:\/\/stomatologijanovakovic.com\/index.php\/contact\/\" debug class=\" btn btn-success with-icon icon-left\" title=\"\"  target=\"_self\">\n\n         <i class=\"fa fa-check\"><\/i> \n        Naru\u010dite se\n        \n\n    <\/a>\n<\/div>[\/vc_column][\/vc_row]<\/p>\n","protected":false},"excerpt":{"rendered":"<p>[vc_row full_width=&#8221;0&#8243; full_height=&#8221;0&#8243; row_padding=&#8221;no_padding&#8221; cols_padding=&#8221;no_cols_padding&#8221; elevate=&#8221;elevate&#8221; background=&#8221;transparent&#8221; el_class=&#8221;folded_section&#8221;][vc_column width=&#8221;1\/4&#8243; color_set=&#8221;skincolored_section&#8221; background=&#8221;transparent&#8221; offset=&#8221;vc_col-xs-6&#8243; css=&#8221;.vc_custom_1576275847592{background-color: #800080 !important;}&#8221;][\/vc_column][vc_column width=&#8221;1\/4&#8243; color_set=&#8221;skincolored_section&#8221; background=&#8221;transparent&#8221; offset=&#8221;vc_col-xs-6&#8243; css=&#8221;.vc_custom_1576275884176{background-color: #660066 !important;}&#8221;][\/vc_column][vc_column width=&#8221;1\/4&#8243; color_set=&#8221;skincolored_section&#8221; offset=&#8221;vc_col-xs-6&#8243; css=&#8221;.vc_custom_1576275866552{background-color: #800080 !important;}&#8221;][\/vc_column][vc_column width=&#8221;1\/4&#8243; color_set=&#8221;skincolored_section&#8221; background=&#8221;transparent&#8221; offset=&#8221;vc_col-xs-6&#8243; css=&#8221;.vc_custom_1576275903432{background-color: #660066 !important;}&#8221;][\/vc_column][\/vc_row][vc_row full_width=&#8221;0&#8243; full_height=&#8221;0&#8243; row_padding=&#8221;no_top_padding&#8221; sep_bottom=&#8221;separator_bottom sep_angled_positive_bottom&#8221; particles=&#8221;0&#8243;][vc_column][\/vc_column][vc_column width=&#8221;2\/3&#8243; heading_align=&#8221;text-center&#8221; align=&#8221;text-left&#8221; margin=&#8221;margin_bottom_grid&#8221;][vc_column_text]Na\u0161 tim zna kako da na najbolji, najbr\u017ei i najbezbolniji na\u010din [&hellip;]<\/p>\n","protected":false},"author":1,"featured_media":0,"parent":0,"menu_order":0,"comment_status":"closed","ping_status":"closed","template":"","meta":{"footnotes":""},"_links":{"self":[{"href":"https:\/\/stomatologijanovakovic.com\/index.php\/wp-json\/wp\/v2\/pages\/145"}],"collection":[{"href":"https:\/\/stomatologijanovakovic.com\/index.php\/wp-json\/wp\/v2\/pages"}],"about":[{"href":"https:\/\/stomatologijanovakovic.com\/index.php\/wp-json\/wp\/v2\/types\/page"}],"author":[{"embeddable":true,"href":"https:\/\/stomatologijanovakovic.com\/index.php\/wp-json\/wp\/v2\/users\/1"}],"replies":[{"embeddable":true,"href":"https:\/\/stomatologijanovakovic.com\/index.php\/wp-json\/wp\/v2\/comments?post=145"}],"version-history":[{"count":44,"href":"https:\/\/stomatologijanovakovic.com\/index.php\/wp-json\/wp\/v2\/pages\/145\/revisions"}],"predecessor-version":[{"id":2112,"href":"https:\/\/stomatologijanovakovic.com\/index.php\/wp-json\/wp\/v2\/pages\/145\/revisions\/2112"}],"wp:attachment":[{"href":"https:\/\/stomatologijanovakovic.com\/index.php\/wp-json\/wp\/v2\/media?parent=145"}],"curies":[{"name":"wp","href":"https:\/\/api.w.org\/{rel}","templated":true}]}}